{"id":318,"date":"2018-07-20T10:22:11","date_gmt":"2018-07-20T10:22:11","guid":{"rendered":"https:\/\/arviva.es\/?page_id=318"},"modified":"2025-12-11T16:33:16","modified_gmt":"2025-12-11T16:33:16","slug":"contact","status":"publish","type":"page","link":"https:\/\/arviva.es\/?page_id=318","title":{"rendered":"Contact"},"content":{"rendered":"<h1><\/h1>\n<h1>Contacto<\/h1>\n<h6>\/ 01<\/h6>\n<h2>Buenas<\/h2>\n<h6>Manda un correo o llama<\/h6>\n<p>&nbsp;<\/p>\n<ul>\n<li><a><br \/>\n+34 629 14 47 60<br \/>\n<\/a><\/li>\n<li><a href=\"#\"><br \/>\nadolfo@arviva.es<br \/>\n<\/a><\/li>\n<\/ul>\n<p>&nbsp;<\/p>\n<p>POL\u00cdTICA DE PRIVACIDAD<\/p>\n<p>\u00bfQui\u00e9n es el responsable de sus datos?<br \/>\nDe acuerdo con lo establecido por la Ley Org\u00e1nica 3\/2018, de 5 de diciembre, de Protecci\u00f3n de Datos Personales y garant\u00eda de los derechos digitales (LOPD) y el Reglamento General de Protecci\u00f3n de Datos (RGPD) de 27 de Abril de 2016, le informamos que los datos personales aportados ser\u00e1n tratados por ADOLFO GRACIA MOLINA con CIF 16292432Z y domicilio en C\/ Ciudadela Plaza 3-2\u00ba izq &#8211; 01012, VITORIA (Araba\/\u00c1lava).<br \/>\n\u00bfCu\u00e1les son sus derechos cuando nos facilita sus datos?<br \/>\nCualquier persona tiene derecho a solicitar el acceso, rectificaci\u00f3n, supresi\u00f3n, limitaci\u00f3n del tratamiento, oposici\u00f3n o derecho a la portabilidad de sus datos personales, escribi\u00e9ndonos a la direcci\u00f3n de nuestras oficinas, o enviando un correo electr\u00f3nico a adolfo@arviva.es indicando el derecho que desea ejercer.<br \/>\nTendr\u00e1 derecho igualmente a retirar el consentimiento prestado en cualquier momento. La retirada del consentimiento no afectar\u00e1 a la licitud del tratamiento efectuado antes de la retirada de dicho consentimiento.<\/p>\n","protected":false},"excerpt":{"rendered":"<p>Contacto \/ 01 Buenas Manda un correo o llama &nbsp; +34 629 14 47 60 adolfo@arviva.es &nbsp; POL\u00cdTICA DE PRIVACIDAD \u00bfQui\u00e9n es el responsable de sus datos? De acuerdo con lo establecido por la Ley Org\u00e1nica 3\/2018, de 5 de diciembre, de Protecci\u00f3n de Datos Personales y garant\u00eda de los derechos digitales (LOPD) y el &hellip;<\/p>\n<p class=\"read-more\"> <a class=\"\" href=\"https:\/\/arviva.es\/?page_id=318\"> <span class=\"screen-reader-text\">Contact<\/span> Leer m\u00e1s &raquo;<\/a><\/p>\n","protected":false},"author":1,"featured_media":0,"parent":0,"menu_order":0,"comment_status":"closed","ping_status":"closed","template":"","meta":{"footnotes":""},"class_list":["post-318","page","type-page","status-publish","hentry"],"_links":{"self":[{"href":"https:\/\/arviva.es\/index.php?rest_route=\/wp\/v2\/pages\/318","targetHints":{"allow":["GET"]}}],"collection":[{"href":"https:\/\/arviva.es\/index.php?rest_route=\/wp\/v2\/pages"}],"about":[{"href":"https:\/\/arviva.es\/index.php?rest_route=\/wp\/v2\/types\/page"}],"author":[{"embeddable":true,"href":"https:\/\/arviva.es\/index.php?rest_route=\/wp\/v2\/users\/1"}],"replies":[{"embeddable":true,"href":"https:\/\/arviva.es\/index.php?rest_route=%2Fwp%2Fv2%2Fcomments&post=318"}],"version-history":[{"count":11,"href":"https:\/\/arviva.es\/index.php?rest_route=\/wp\/v2\/pages\/318\/revisions"}],"predecessor-version":[{"id":568,"href":"https:\/\/arviva.es\/index.php?rest_route=\/wp\/v2\/pages\/318\/revisions\/568"}],"wp:attachment":[{"href":"https:\/\/arviva.es\/index.php?rest_route=%2Fwp%2Fv2%2Fmedia&parent=318"}],"curies":[{"name":"wp","href":"https:\/\/api.w.org\/{rel}","templated":true}]}}